0?
1190
In base 4, what is 11003033 + -30?
11003003
In base 3, what is -1 - -1010120221212?
1010120221211
In base 14, what is -142b + 1?
-142a
In base 11, what is 105 + 152?
257
In base 4, what is 11232 + -1110?
10122
In base 2, what is -10010 - 111010100?
-111100110
In base 7, what is 2 - -21606?
21611
In base 5, what is -314 + -100?
-414
In base 8, what is 0 + 2260016?
2260016
In base 4, what is -2 - -1000332001?
1000331333
In base 16, what is 4 + -176b7d?
-176b79
In base 4, what is -2133 - 33?
-2232
In base 11, what is -19 - -21837?
21819
In base 14, what is -39 - 8c8?
-923
In base 9, what is -4 + 1733311?
1733306
In base 9, what is -1076 - 66?
-1153
In base 6, what is -111014 - -5?
-111005
In base 6, what is 1300355 + 3?
1300402
In base 11, what is -1 + -5304?
-5305
In base 15, what is 5 + -1110a?
-11105
In base 2, what is 1 - -11110011000?
11110011001
In base 7, what is -6216 + -2?
-6221
In base 12, what is 16ab - 24a?
1461
In base 6, what is 0 - -102202?
102202
In base 3, what is 101000102022 - 1?
101000102021
In base 4, what is 2 - -2203121?
2203123
In base 2, what is -1011110 + 110100111100?
110011011110
In base 3, what is 11 + -10122100002?
-10122022221
In base 3, what is 122001021 + -202?
122000112
In base 11, what is 153 - -25a?
402
In base 5, what is 22100 - 12?
22033
In base 12, what is b319 + -19?
b300
In base 8, what is 100607 + -1?
100606
In base 3, what is -21210 + -110010?
-201220
In base 10, what is -7 - 6087?
-6094
In base 2, what is -10 - 100011100001010001?
-100011100001010011
In base 5, what is 0 - 20321304?
-20321304
In base 4, what is -1221 + -2003?
-3230
In base 16, what is bd1b - 5?
bd16
In base 7, what is 2 + -43153?
-43151
In base 10, what is 679491 - -3?
679494
In base 16, what is -1ae + 31?
-17d
In base 10, what is -86738 + 0?
-86738
In base 11, what is 12 - -3134?
3146
In base 13, what is -bb2 - 24?
-c06
In base 7, what is 43462656 - -3?
43462662
In base 7, what is 1430105 + 5?
1430113
In base 16, what is 24 - -49e9?
4a0d
In base 2, what is -10101011101 + 11?
-10101011010
In base 14, what is 99275 + -4?
99271
In base 4, what is -102 + -210203?
-210311
In base 12, what is 1624b0 - -4?
1624b4
In base 14, what is -27c3 - 38?
-281b
In base 15, what is 17 + -926a?
-9253
In base 14, what is -6 + -3d7a?
-3d82
In base 9, what is -200655 - 14?
-200670
In base 3, what is -20021221 - -1201?
-20020020
In base 4, what is -2 - -33212130?
33212122
In base 13, what is 2896 + 26?
28bc
In base 5, what is 310 + 332341?
333201
In base 14, what is -2494 + -2?
-2496
In base 15, what is 1a - 68be?
-68a4
In base 13, what is 6c08 - -8?
6c13
In base 7, what is 431 + -3030?
-2266
In base 15, what is -1c8ac + 11?
-1c89b
In base 11, what is -9 + -851?
-85a
In base 10, what is -113 + 19?
-94
In base 5, what is -1443031 + 2?
-1443024
In base 2, what is 110001010000 - 1100101?
101111101011
In base 2, what is 1000101 + -1010111000?
-1001110011
In base 10, what is 508701 - 4?
508697
In base 6, what is -104521 - 21?
-104542
In base 5, what is -10 - -41030201?
41030141
In base 10, what is -20 - 6449?
-6469
In base 10, what is 76098 + 0?
76098
In base 6, what is -201 - -31552?
31351
In base 13, what is -9 + -10013?
-1001c
In base 6, what is 2 + 4250255?
4250301
In base 12, what is -17a8 - 14?
-1800
In base 12, what is aa44 + -4?
aa40
In base 9, what is -244 - 3616?
-3861
In base 13, what is -2 - -2acc?
2aca
In base 2, what is 100010000101000 - -101100?
100010001010100
In base 2, what is -101011000111011111 + 101?
-101011000111011010
In base 5, what is 10403 + -3?
10400
In base 2, what is -1 + 1001011010100111?
1001011010100110
In base 7, what is 4 + 25420?
25424
In base 3, what is -1101210 + -21220?
-1200200
In base 6, what is 100 - -1310?
1410
In base 6, what is -41 + 100005?
55524
In base 6, what is -1003 - 20252?
-21255
In base 13, what is 2 - c4b?
-c49
In base 11, what is -40 + 103?
73
In base 3, what is -100 + -222021?
-222121
In base 12, what is 421 + -2508?
-20a7
In base 10, what is 30356 - 1?
30355
In base 11, what is 5463 - -4?
5467
In base 4, what is 1 + -121112?
-121111
In base 4, what is 22310 + 0?
22310
In base 3, what is 11 + -11101120001?
-11101112220
In base 3, what is 11 - -12201120021?
12201120102
In base 2, what is 1111001111000001011111 + 100?
1111001111000001100011
In base 10, what is -452 - -4?
-448
In base 13, what is -5839 - -4?
-5835
In base 5, what is -4141 + 241?
-3400
In base 10, what is 3047579 - 3?
3047576
In base 3, what is 120 + 12210012?
12210202
In base 9, what is 837 - -107?
1045
In base 11, what is -9202 - -3?
-91aa
In base 13, what is 3896 - 9?
388a
In base 11, what is 36a + -174?
1a6
In base 2, what is 1111001 - -100010000?
110001001
In base 12, what is -1 - -12297?
12296
In base 10, what is 4 + 73366?
73370
In base 8, what is 711617 - -6?
711625
In base 10, what is 10117 + 3?
10120
In base 14, what is -7357b + 0?
-7357b
In base 3, what is -202211112 + 1120?
-202202222
In base 16, what is -204d1 - 4?
-204d5
In base 16, what is -f19 - -1dd?
-d3c
In base 6, what is -32432 + 14?
-32414
In base 16, what is 1fe4e - -5?
1fe53
In base 3, what is 2200101120 - -1?
2200101121
In base 10, what is -48964 + 1?
-48963
In base 12, what is -190 - 885?
-a55
In base 9, what is -3050 - 223?
-3273
In base 10, what is -11459 + 118?
-11341
In base 14, what is 266a6c + 5?
266a73
In base 16, what is -3fda + -10?
-3fea
In base 8, what is 454211 - -1?
454212
In base 13, what is -3 + -54ab3?
-54ab6
In base 7, what is 2 + -56354?
-56352
In base 13, what is 728 + 3?
72b
In base 5, what is 142 - 34423?
-34231
In base 2, what is -100100 + 11111?
-101
In base 6, what is -141 + -23253?
-23434
In base 10, what is -542 - 341?
-883
In base 7, what is 60 - -11332?
11422
In base 15, what is 4d7c5 + 3?
4d7c8
In base 11, what is 252a - -16?
2545
In base 9, what is 31 - -3418?
3450
In base 7, what is -6 - 24542?
-24551
In base 9, what is 11 - 31883?
-31872
In base 6, what is 0 + -1120204?
-1120204
In base 13, what is 23a319 - -3?
23a31c
In base 16, what is 1fbe43 + 4?
1fbe47
In base 4, what is 1031012023 - -1?
1031012030
In base 5, what is -3 - -32021020?
32021012
In base 13, what is -41 - 10?
-51
In base 2, what is -11000110101110101101 - -10?
-11000110101110101011
In base 3, what is -20 + 2101111012?
2101110222
In base 15, what is 3d5 + -34?
3a1
In base 4, what is -2 - -13320220?
13320212
In base 14, what is -187 + -13c0?
-1567
In base 16, what is 14b1 - 1d?
1494
In base 16, what is -2 + 83ef7?
83ef5
In base 6, what is -25 - -25515?
25450
In base 16, what is -2 - 26aa5?
-26aa7
In base 14, what is -165 + -38bc?
-3a43
In base 12, what is 44 - 428?
-3a4
In base 10, what is 33 - 8088?
-8055
In base 9, what is -858 - -1?
-857
In base 9, what is 5087 - 140?
4847
In base 12, what is -1 + -406126?
-406127
In base 16, what is 8b + -12c?
-a1
In base 2, what is -1000010 - -11010001?
10001111
In base 2, what is 11 - 111011000001?
-111010111110
In base 6, what is 23 + 143?
210
In base 6, what is 10 - -145404?
145414
In base 12, what is 55 - b87?
-b32
In base 3, what is -200201 - -2102?
-121022
In base 2, what is 10101111111101010 - -1001?
10101111111110011
In base 3, what is -110 - 2020021?
-2020201
In base 16, what is -2c8 + 86e?
5a6
In base 6, what is -11 - -15113?
15102
In base 6, what is 2030301 - 4?
2030253
In base 5, what is -422320 + 10?
-422310
In base 7, what is 251423 - 6?
251414
In base 16, what is 20 + 2de?
2fe
In base 12, what is -3714b + -3?
-37152
In base 5, what is -32200244 - -1?
-32200243
In base 12, what is 0 - 41a793?
-41a793
In base 15, what is -131de + 1?
-131dd
In base 10, what is -1 + 146783?
146782
In base 6, what is -3 + -1044213?
-1044220
In base 14, what is aac9 + -b?
aabc
In base 10, what is 22663 + 31?
22694
In base 4, what is 2 + 10220213?
10220221
In base 10, what is -1118 - 3?
-1121
In base 15, what is 3673 + 2?
3675
In base 6, what is 4 - 1042125?
-1042121
In base 4, what is -22 - -313?
231
In base 2, what is -111 - 1011101101001?
-1011101110000
In base 6, what is -140555 - -5?
-140550
In base 16, what is 7aaf4 - -7?
7aafb
In base 13, what is 3 + -366670?
-36666a
In base 4, what is -3321103 - 3303?
-3331012
In base 5, what is -11014422 + 0?
-11014422
In base 5, what is 1341 - -100?
1441
In base 2, what is 100101000010001 + 